{"id":83,"date":"2015-03-03T19:34:39","date_gmt":"2015-03-03T19:34:39","guid":{"rendered":"http:\/\/arche-hambergen.de\/?page_id=83"},"modified":"2024-12-18T10:35:03","modified_gmt":"2024-12-18T10:35:03","slug":"elternbeitraege","status":"publish","type":"page","link":"https:\/\/arche-hambergen.de\/?page_id=83","title":{"rendered":"Elternbeitr\u00e4ge"},"content":{"rendered":"<p align=\"left\">Seit dem 1. August 2018 ist der Besuch einer Kindertageseinrichtungen in Niedersachsen f\u00fcr Kinder im Alter von drei Jahren bis zur Einschulung geb\u00fchrenfrei. Dies gilt f\u00fcr einen Umfang von bis zu acht Stunden pro Tag an f\u00fcnf Tagen in der Woche je nach Angebot der jeweiligen Kita und unabh\u00e4ngig davon, ob das Kind schon in einer Kindergartengruppe oder noch in einer Krippengruppe betreut wird. Von der Beitragsfreiheit umfasst sind auch Fr\u00fch- und Sp\u00e4tdienste, sofern diese zeitlich innerhalb einer t\u00e4glichen individuellen Betreuungszeit von acht Stunden liegen.<br \/>\nAchtung! Der in \u00a7 12 KiTaG niedergelegte Rechtsanspruch auf einen Platz im Kindergarten wird durch die Regelungen zur Beitragsfreiheit nicht ber\u00fchrt. Es bleibt also dabei, dass sich dieser Anspruch grunds\u00e4tzlich auf die Gruppenarbeit am Vormittag bezieht, die an f\u00fcnf Tagen in der Woche jeweils vier Zeitstunden umfasst.<\/p>\n<p align=\"left\">D.h. die Beitragsfreiheit besteht seit dem 1. 8. 2018 f\u00fcr bis zu acht Stunden, aber der Rechtsanspruch auf einen Kita Platz besteht weiterhin f\u00fcr 4 Stunden am Tag.<\/p>\n<p align=\"left\">Eltern zahlen bei uns monatlich eine Fr\u00fchst\u00fccks-und Getr\u00e4nkepauschale von 35 Euro. Nehmen Kinder am Mittagstisch teil, zahlen Eltern im Kindergarten eine Pauschale von 70 Euro im Monat und in der Krippe eine Pauschale von 50 Euro im Monat.<\/p>\n","protected":false},"excerpt":{"rendered":"<p>Seit dem 1. August 2018 ist der Besuch einer Kindertageseinrichtungen in Niedersachsen f\u00fcr Kinder im Alter von drei Jahren bis zur Einschulung geb\u00fchrenfrei. Dies gilt f\u00fcr einen Umfang von bis zu acht Stunden pro Tag an f\u00fcnf Tagen in der Woche je nach Angebot der jeweiligen Kita und unabh\u00e4ngig davon, ob das Kind schon in &hellip; <a href=\"https:\/\/arche-hambergen.de\/?page_id=83\" class=\"more-link\">Weiterlesen <span class=\"screen-reader-text\">Elternbeitr\u00e4ge<\/span><\/a><\/p>\n","protected":false},"author":1,"featured_media":0,"parent":0,"menu_order":3,"comment_status":"closed","ping_status":"closed","template":"","meta":{"ngg_post_thumbnail":0,"footnotes":""},"class_list":["post-83","page","type-page","status-publish","hentry","without-featured-image"],"_links":{"self":[{"href":"https:\/\/arche-hambergen.de\/index.php?rest_route=\/wp\/v2\/pages\/83","targetHints":{"allow":["GET"]}}],"collection":[{"href":"https:\/\/arche-hambergen.de\/index.php?rest_route=\/wp\/v2\/pages"}],"about":[{"href":"https:\/\/arche-hambergen.de\/index.php?rest_route=\/wp\/v2\/types\/page"}],"author":[{"embeddable":true,"href":"https:\/\/arche-hambergen.de\/index.php?rest_route=\/wp\/v2\/users\/1"}],"replies":[{"embeddable":true,"href":"https:\/\/arche-hambergen.de\/index.php?rest_route=%2Fwp%2Fv2%2Fcomments&post=83"}],"version-history":[{"count":5,"href":"https:\/\/arche-hambergen.de\/index.php?rest_route=\/wp\/v2\/pages\/83\/revisions"}],"predecessor-version":[{"id":3816,"href":"https:\/\/arche-hambergen.de\/index.php?rest_route=\/wp\/v2\/pages\/83\/revisions\/3816"}],"wp:attachment":[{"href":"https:\/\/arche-hambergen.de\/index.php?rest_route=%2Fwp%2Fv2%2Fmedia&parent=83"}],"curies":[{"name":"wp","href":"https:\/\/api.w.org\/{rel}","templated":true}]}}